?
10
Calculate the remainder when 101 is divided by 33.
2
Calculate the remainder when 530 is divided by 134.
128
Calculate the remainder when 756 is divided by 38.
34
Calculate the remainder when 96 is divided by 28.
12
Calculate the remainder when 535 is divided by 178.
1
Calculate the remainder when 130 is divided by 22.
20
Calculate the remainder when 172 is divided by 131.
41
What is the remainder when 404 is divided by 22?
8
Calculate the remainder when 1989 is divided by 337.
304
Calculate the remainder when 48 is divided by 11.
4
Calculate the remainder when 207 is divided by 11.
9
Calculate the remainder when 204 is divided by 19.
14
Calculate the remainder when 80 is divided by 29.
22
What is the remainder when 336 is divided by 62?
26
What is the remainder when 44 is divided by 26?
18
What is the remainder when 506 is divided by 490?
16
Calculate the remainder when 1709 is divided by 45.
44
Calculate the remainder when 118 is divided by 35.
13
What is the remainder when 647 is divided by 213?
8
Calculate the remainder when 88 is divided by 73.
15
What is the remainder when 7428 is divided by 323?
322
What is the remainder when 347 is divided by 10?
7
Calculate the remainder when 207 is divided by 16.
15
What is the remainder when 3018 is divided by 1507?
4
What is the remainder when 258 is divided by 10?
8
What is the remainder when 669 is divided by 16?
13
What is the remainder when 48 is divided by 7?
6
What is the remainder when 824 is divided by 295?
234
What is the remainder when 918 is divided by 161?
113
Calculate the remainder when 257 is divided by 236.
21
What is the remainder when 738 is divided by 10?
8
Calculate the remainder when 893 is divided by 112.
109
Calculate the remainder when 3072 is divided by 75.
72
Calculate the remainder when 6486 is divided by 8.
6
What is the remainder when 67 is divided by 40?
27
Calculate the remainder when 384 is divided by 372.
12
Calculate the remainder when 2193 is divided by 100.
93
Calculate the remainder when 104 is divided by 9.
5
What is the remainder when 107 is divided by 25?
7
What is the remainder when 891 is divided by 47?
45
Calculate the remainder when 771 is divided by 70.
1
What is the remainder when 200 is divided by 46?
16
Calculate the remainder when 300 is divided by 141.
18
What is the remainder when 924 is divided by 9?
6
What is the remainder when 361 is divided by 14?
11
What is the remainder when 3795 is divided by 73?
72
What is the remainder when 1087 is divided by 537?
13
Calculate the remainder when 1916 is divided by 120.
116
Calculate the remainder when 4454 is divided by 9.
8
Calculate the remainder when 90 is divided by 70.
20
Calculate the remainder when 50 is divided by 49.
1
What is the remainder when 968 is divided by 12?
8
Calculate the remainder when 315 is divided by 17.
9
Calculate the remainder when 76 is divided by 66.
10
What is the remainder when 16 is divided by 9?
7
What is the remainder when 17 is divided by 10?
7
Calculate the remainder when 125 is divided by 57.
11
Calculate the remainder when 142 is divided by 37.
31
Calculate the remainder when 75 is divided by 21.
12
What is the remainder when 2715 is divided by 171?
150
Calculate the remainder when 511 is divided by 103.
99
Calculate the remainder when 361 is divided by 11.
9
What is the remainder when 265 is divided by 134?
131
What is the remainder when 48809 is divided by 18?
11
Calculate the remainder when 2685 is divided by 21.
18
Calculate the remainder when 4672 is divided by 12.
4
Calculate the remainder when 376 is divided by 7.
5
What is the remainder when 474 is divided by 269?
205
What is the remainder when 3781 is divided by 1257?
10
What is the remainder when 327 is divided by 15?
12
Calculate the remainder when 36 is divided by 3.
0
Calculate the remainder when 1073 is divided by 176.
17
What is the remainder when 282 is divided by 30?
12
Calculate the remainder when 2632 is divided by 294.
280
Calculate the remainder when 374 is divided by 59.
20
What is the remainder when 57 is divided by 19?
0
Calculate the remainder when 106 is divided by 55.
51
What is the remainder when 119 is divided by 3?
2
What is the remainder when 388 is divided by 101?
85
Calculate the remainder when 3797 is divided by 38.
35
What is the remainder when 169 is divided by 6?
1
What is the remainder when 8608 is divided by 82?
80
What is the remainder when 712 is divided by 352?
8
Calculate the remainder when 6155 is divided by 81.
80
Calculate the remainder when 255 is divided by 6.
3
What is the remainder when 3016 is divided by 43?
6
Calculate the remainder when 156 is divided by 21.
9
Calculate the remainder when 1793 is divided by 39.
38
Calculate the remainder when 125 is divided by 42.
41
Calculate the remainder when 280 is divided by 85.
25
What is the remainder when 617 is divided by 193?
38
What is the remainder when 3179 is divided by 106?
105
Calculate the remainder when 11396 is divided by 38.
34
Calculate the remainder when 387 is divided by 82.
59
What is the remainder when 58 is divided by 21?
16
What is the remainder when 175 is divided by 12?
7
What is the remainder when 190 is divided by 11?
3
Calculate the remainder when 369 is divided by 178.
13
What is the remainder when 546 is divided by 45?
6
Calculate the remainder when 290 is divided by 30.
20
Calculate the remainder when 998 is divided by 498.
2
Calculate the remainder when 957 is divided by 80.
77
What is the remainder when 103 is divided by 48?
7
Calculate the remainder when 56197 is divided by 11.
9
Calculate the remainder when 986 is divided by 52.
50
What is the remainder when 791 is divided by 81?
62
What is the remainder when 285 is divided by 26?
25
Calculate the remainder when 349 is divided by 38.
7
What is the remainder when 972 is divided by 89?
82
Calculate the remainder when 436 is divided by 19.
18
Calculate the remainder when 221 is divided by 88.
45
Calculate the remainder when 372 is divided by 51.
15
Calculate the remainder when 365 is divided by 61.
60
Calculate the remainder when 1005 is divided by 111.
6
Calculate the remainder when 383 is divided by 11.
9
What is the remainder when 490 is divided by 26?
22
Calculate the remainder when 114 is divided by 57.
0
What is the remainder when 542 is divided by 13?
9
What is the remainder when 421 is divided by 21?
1
What is the remainder when 77 is divided by 7?
0
Calculate the remainder when 1217 is divided by 34.
27
Calculate the remainder when 58 is divided by 27.
4
Calculate the remainder when 4356 is divided by 56.
44
Calculate the remainder when 128 is divided by 22.
18
What is the remainder when 3427 is divided by 98?
95
What is the remainder when 1713 is divided by 85?
13
What is the remainder when 6262 is divided by 368?
6
What is the remainder when 173 is divided by 4?
1
What is the remainder when 177 is divided by 127?
50
What is the remainder when 5694 is divided by 27?
24
Calculate the remainder when 592 is divided by 21.
4
Calculate the remainder when 280 is divided by 273.
7
Calculate the remainder when 193 is divided by 25.
18
What is the remainder when 152 is divided by 11?
9
Calculate the remainder when 194 is divided by 29.
20
What is the remainder when 2726 is divided by 65?
61
What is the remainder when 130 is divided by 3?
1
What is the remainder when 1164 is divided by 165?
9
Calculate the remainder when 54 is divided by 23.
8
What is the remainder when 9892 is divided by 2467?
24
Calculate the remainder when 169 is divided by 15.
4
Calculate the remainder when 2355 is divided by 773.
36
What is the remainder when 49 is divided by 30?
19
What is the remainder when 2947 is divided by 72?
67
Calculate the remainder when 81 is divided by 78.
3
What is the remainder when 390 is divided by 77?
5
What is the remainder when 203 is divided by 91?
21
What is the remainder when 451 is divided by 76?
71
What is the remainder when 214 is divided by 11?
5
What is the remainder when 186 is divided by 23?
2
What is the remainder when 275 is divided by 107?
61
Calculate the remainder when 222 is divided by 119.
103
Calculate the remainder when 1049 is divided by 349.
2
Calculate the remainder when 140 is divided by 32.
12
Calculate the r